
What is the greatest common factor of 1363 and 235?
47
What is the greatest common divisor of 455343 and 42?
21
Calculate the highest common divisor of 5472 and 418.
38
What is the highest common factor of 6 and 50052?
6
What is the greatest common factor of 140 and 42760?
20
Calculate the greatest common factor of 716 and 15723360.
716
Calculate the highest common divisor of 200 and 3976440.
40
Calculate the highest common factor of 220 and 23826.
22
Calculate the highest common divisor of 426 and 10437.
213
Calculate the greatest common divisor of 168 and 84.
84
What is the highest common divisor of 373560 and 132?
132
Calculate the greatest common factor of 268030 and 98.
98
Calculate the greatest common divisor of 2313 and 549.
9
Calculate the highest common factor of 637 and 41993.
49
What is the greatest common divisor of 40 and 13170?
10
What is the highest common factor of 2335 and 59776?
467
Calculate the highest common divisor of 17 and 125273.
17
Calculate the highest common divisor of 680 and 67600.
40
What is the highest common factor of 14 and 7091?
7
What is the greatest common divisor of 957 and 4378?
11
Calculate the highest common divisor of 5088055 and 777.
259
What is the greatest common factor of 1506234 and 102?
102
Calculate the highest common factor of 145 and 35612.
29
What is the greatest common factor of 7627669 and 7?
7
What is the greatest common divisor of 412 and 303232?
412
What is the greatest common factor of 960 and 90?
30
What is the greatest common factor of 22 and 311476?
22
What is the highest common factor of 25550 and 3?
1
What is the highest common factor of 868 and 2945?
31
What is the highest common divisor of 228 and 198892?
76
What is the highest common divisor of 1500 and 953500?
500
What is the greatest common divisor of 2102 and 6?
2
Calculate the highest common divisor of 1166 and 8037821.
583
What is the greatest common divisor of 205706 and 48574?
326
What is the greatest common factor of 3648347 and 367?
367
Calculate the highest common factor of 70 and 1431710.
70
Calculate the highest common divisor of 3484 and 4288.
268
What is the highest common factor of 11750 and 96650?
50
What is the greatest common divisor of 529473 and 798?
399
What is the greatest common factor of 4320 and 272?
16
Calculate the greatest common divisor of 198 and 228924.
18
Calculate the highest common divisor of 11 and 216700.
11
What is the greatest common factor of 108950 and 50?
50
Calculate the greatest common factor of 100008 and 5778.
54
What is the greatest common factor of 26700 and 340?
20
What is the greatest common divisor of 860944 and 112?
112
What is the greatest common factor of 165 and 17565?
15
What is the highest common factor of 1390 and 58658?
278
What is the highest common factor of 1369478 and 44?
22
What is the greatest common factor of 26062 and 5966?
314
Calculate the greatest common factor of 157216 and 16.
16
What is the highest common divisor of 71248 and 65408?
1168
What is the highest common divisor of 90636 and 588?
84
Calculate the greatest common divisor of 41258 and 3626.
98
What is the greatest common factor of 300376 and 36?
4
Calculate the greatest common factor of 1836819 and 72.
9
Calculate the highest common factor of 3216 and 10251.
201
Calculate the greatest common factor of 276 and 183471.
69
What is the highest common divisor of 138 and 9338?
46
Calculate the highest common divisor of 13400 and 273200.
200
What is the highest common divisor of 3481 and 4189?
59
Calculate the greatest common factor of 74025 and 567.
63
What is the greatest common factor of 824 and 76117?
103
Calculate the greatest common factor of 1989 and 52224.
51
Calculate the highest common divisor of 644 and 19780.
92
Calculate the greatest common divisor of 2457 and 364.
91
Calculate the highest common factor of 1733915 and 255.
85
Calculate the highest common factor of 194 and 399349.
97
What is the greatest common divisor of 322 and 196052?
46
Calculate the greatest common divisor of 70519 and 1164.
97
Calculate the greatest common divisor of 32852 and 3438.
382
What is the highest common factor of 60220 and 180?
20
What is the highest common factor of 846 and 63?
9
Calculate the greatest common divisor of 4 and 113408.
4
Calculate the greatest common factor of 1782 and 3726.
162
What is the greatest common factor of 2746 and 64?
2
Calculate the highest common factor of 783 and 68817.
87
What is the greatest common divisor of 45724 and 3220?
644
What is the highest common factor of 14124 and 2772?
132
What is the highest common factor of 27 and 165186?
27
Calculate the highest common factor of 37758 and 6699.
609
What is the highest common factor of 188347 and 3879?
431
Calculate the greatest common factor of 166875 and 3471.
267
Calculate the highest common factor of 150 and 59820.
30
Calculate the greatest common divisor of 179934 and 36.
6
Calculate the highest common factor of 63825 and 2875.
575
What is the highest common divisor of 93378 and 5319?
591
What is the highest common factor of 90496 and 88?
8
Calculate the greatest common divisor of 144 and 280638.
18
Calculate the greatest common divisor of 110 and 11430.
10
Calculate the highest common divisor of 104120 and 5130.
190
What is the highest common divisor of 136028 and 372?
124
Calculate the greatest common factor of 270 and 47952.
54
Calculate the highest common divisor of 215046 and 3744.
234
Calculate the greatest common divisor of 6236 and 94.
2
What is the highest common factor of 31061 and 89?
89
What is the highest common divisor of 870053 and 14052?
1171
Calculate the greatest common factor of 9620 and 234.
26
What is the greatest common factor of 329 and 32477?
47
What is the highest common divisor of 1339149 and 129?
129
Calculate the highest common factor of 20 and 54380.
20
Calculate the greatest common factor of 429 and 42627.
39
What is the highest common factor of 16 and 23544?
8
Calculate the highest common divisor of 9141 and 19390.
277
What is the highest common factor of 1998 and 167166?
666
Calculate the highest common factor of 49488 and 1200.
48
Calculate the highest common divisor of 2062290 and 10.
10
What is the greatest common divisor of 224615 and 334?
167
Calculate the highest common divisor of 25120 and 24335.
785
What is the greatest common divisor of 398647 and 101?
101
What is the highest common factor of 2840 and 632?
8
What is the greatest common divisor of 4368 and 23304?
24
Calculate the highest common factor of 211790 and 10.
10
What is the greatest common divisor of 19980 and 83700?
540
What is the greatest common factor of 97497 and 1727?
157
Calculate the highest common factor of 406 and 351712.
58
What is the highest common divisor of 2014 and 589?
19
What is the greatest common factor of 3540 and 67020?
60
Calculate the greatest common divisor of 67956 and 17024.
28
What is the greatest common divisor of 11618 and 12506?
74
Calculate the highest common divisor of 589 and 30799.
19
Calculate the greatest common divisor of 45 and 362955.
15
What is the highest common divisor of 2193 and 64500?
129
Calculate the greatest common factor of 19 and 956878.
19
What is the highest common divisor of 2226741 and 165?
33
What is the greatest common factor of 65773 and 340?
17
Calculate the highest common divisor of 110357 and 169.
169
What is the greatest common factor of 84 and 508074?
42
Calculate the highest common divisor of 7568 and 187.
11
What is the highest common factor of 11 and 89001?
11
What is the highest common divisor of 72 and 92184?
24
What is the greatest common divisor of 846 and 2376?
18
Calculate the greatest common divisor of 18579 and 330.
33
What is the greatest common factor of 10350 and 61350?
150
Calculate the greatest common divisor of 14852 and 35708.
316
Calculate the highest common divisor of 432 and 359694.
54
What is the greatest common factor of 641 and 5882457?
641
What is the greatest common divisor of 65335 and 2701?
73
What is the highest common divisor of 171 and 1915599?
57
Calculate the greatest common divisor of 8 and 27932.
4
What is the greatest common divisor of 1196196 and 996?
996
What is the highest common divisor of 122 and 78629?
61
What is the high